{"id":127,"date":"2026-02-11T10:59:58","date_gmt":"2026-02-11T15:59:58","guid":{"rendered":"https:\/\/ssadp.cahuntsic.ca\/fabrique\/?page_id=127"},"modified":"2026-02-11T11:05:33","modified_gmt":"2026-02-11T16:05:33","slug":"nouvelle-reservation","status":"publish","type":"page","link":"https:\/\/ssadp.cahuntsic.ca\/fabrique\/","title":{"rendered":"R\u00e9servation"},"content":{"rendered":"<div class=\"members-access-error\">\n<p>Cet outil s\u2019adresse aux \u00e9tudiants et employ\u00e9s du Coll\u00e8ge Ahuntsic qui ont compl\u00e9t\u00e9 une formation \u00e0 la Fabrique ou qui ont fait reconna\u00eetre leur exp\u00e9rience avec les appareils offerts. N\u2019h\u00e9sitez pas \u00e0 revenir \u00e0 la page principale de la Fabrique afin de contacter l\u2019\u00e9quipe.<\/p>\n<p>Vous devez vous\u00a0<a href=\"https:\/\/ssadp.cahuntsic.ca\/fabrique\/wp-login.php\">connecter<\/a>\u00a0pour voir l\u2019outil de r\u00e9servation en utilisant un compte sp\u00e9cifique \u00e0 l\u2019outil (qui est diff\u00e9rent de votre compte d\u2019acc\u00e8s normal du Coll\u00e8ge Ahuntsic).<\/p>\n<p>Vous pouvez demander une cr\u00e9ation de\u00a0<a href=\"https:\/\/forms.office.com\/r\/h5mLjVyNXY\">compte ici<\/a>.<\/p>\n<p><a href=\"https:\/\/www.collegeahuntsic.qc.ca\/bibliotheque\/services\/fabrique-ahuntsic-laboratoire-de-creation\">Retourner \u00e0 la Fabrique sur le site web du Coll\u00e8ge Ahuntsic<\/a><\/p>\n<\/div>\n","protected":false},"excerpt":{"rendered":"<div class=\"members-access-error\">\n<p>Cet outil s\u2019adresse aux \u00e9tudiants et employ\u00e9s du Coll\u00e8ge Ahuntsic qui ont compl\u00e9t\u00e9 une formation \u00e0 la Fabrique ou qui ont fait reconna\u00eetre leur exp\u00e9rience avec les appareils offerts. N\u2019h\u00e9sitez pas \u00e0 revenir \u00e0 la page principale de la Fabrique afin de contacter l\u2019\u00e9quipe.<\/p>\n<p>Vous devez vous\u00a0<a href=\"https:\/\/ssadp.cahuntsic.ca\/fabrique\/wp-login.php\">connecter<\/a>\u00a0pour voir l\u2019outil de r\u00e9servation en utilisant un compte sp\u00e9cifique \u00e0 l\u2019outil (qui est diff\u00e9rent de votre compte d\u2019acc\u00e8s normal du Coll\u00e8ge Ahuntsic).<\/p>\n<p>Vous pouvez demander une cr\u00e9ation de\u00a0<a href=\"https:\/\/forms.office.com\/r\/h5mLjVyNXY\">compte ici<\/a>.<\/p>\n<p><a href=\"https:\/\/www.collegeahuntsic.qc.ca\/bibliotheque\/services\/fabrique-ahuntsic-laboratoire-de-creation\">Retourner \u00e0 la Fabrique sur le site web du Coll\u00e8ge Ahuntsic<\/a><\/p>\n<\/div>\n","protected":false},"author":4,"featured_media":0,"parent":0,"menu_order":0,"comment_status":"closed","ping_status":"closed","template":"","meta":{"footnotes":""},"_links":{"self":[{"href":"https:\/\/ssadp.cahuntsic.ca\/fabrique\/index.php?rest_route=\/wp\/v2\/pages\/127"}],"collection":[{"href":"https:\/\/ssadp.cahuntsic.ca\/fabrique\/index.php?rest_route=\/wp\/v2\/pages"}],"about":[{"href":"https:\/\/ssadp.cahuntsic.ca\/fabrique\/index.php?rest_route=\/wp\/v2\/types\/page"}],"author":[{"embeddable":true,"href":"https:\/\/ssadp.cahuntsic.ca\/fabrique\/index.php?rest_route=\/wp\/v2\/users\/4"}],"replies":[{"embeddable":true,"href":"https:\/\/ssadp.cahuntsic.ca\/fabrique\/index.php?rest_route=%2Fwp%2Fv2%2Fcomments&post=127"}],"version-history":[{"count":2,"href":"https:\/\/ssadp.cahuntsic.ca\/fabrique\/index.php?rest_route=\/wp\/v2\/pages\/127\/revisions"}],"predecessor-version":[{"id":132,"href":"https:\/\/ssadp.cahuntsic.ca\/fabrique\/index.php?rest_route=\/wp\/v2\/pages\/127\/revisions\/132"}],"wp:attachment":[{"href":"https:\/\/ssadp.cahuntsic.ca\/fabrique\/index.php?rest_route=%2Fwp%2Fv2%2Fmedia&parent=127"}],"curies":[{"name":"wp","href":"https:\/\/api.w.org\/{rel}","templated":true}]}}